lculate -89 - (-1 - -32 - 88).
-32
-13 - (-104 + -43 + 29 - (-9 + -2))
94
Calculate (51 - 37 - -5) + -35.
-16
Evaluate 3050 + -3082 - (-8 + (0 + 0 - -2)) - -16.
-10
81 + -2 + (2379 - 2402)
56
What is the value of 23 - (-5 + (1 - -10)) - (-175 - -91)?
101
Evaluate 29 - 65 - (63 + -97).
-2
Evaluate 10 + (2 - 5) + 6 + -7 + (5 - -27).
38
Evaluate 31 - (129 + 12 + -70).
-40
67 + (29 + -66 - -38)
68
What is (6 + 2 - 0) + (4 - (-21 + -12))?
45
Evaluate -1 + -8 + -39 + 19 + (-3 - -41) - 50.
-41
What is the value of (-70 - -40) + (-2 + 1 - -18) + -3 + -72?
-88
Calculate -4704 + 4793 + 2 + 14.
105
Calculate 9 + -25 + (-17 - -20) - ((-12 - 1) + 2).
-2
(7 - 116) + (-23 - 3) + 8 + 8
-119
9 + -1 - (-32 + 1 - (24 - 54)) - -6
15
What is (-26 - -76) + -83 + -12?
-45
Calculate 61 + (-7 - ((-2 - (1 - 15)) + (16 - 30))).
56
What is -1 - 11 - (-341 + 313 - ((-3 - 0) + 6))?
19
What is -1069 - -1040 - (-20 + 0)?
-9
Calculate 20 + -22 + 14 - (14 + 11).
-13
What is (20 + -12 - (-2 - 46)) + -120 + 117?
53
What is the value of -21 - ((20 - 41) + 30 - -18)?
-48
(-6 - (43 - 45)) + (-33 - 0)
-37
What is (3 + 3 - 6) + (72 + -39 - 49)?
-16
Evaluate 79 + 67 - (-15 - -156).
5
-5 + (21 - -2) + (24 - 22) + 3 + -9
14
What is (-14 - (-2 + -12)) + (2 - 4) - (-64 - -111)?
-49
Evaluate ((5 - 4) + -6 + 3 - (-27 + 22)) + -21.
-18
Evaluate (-11 + 5 - -7) + (9 - 20) + 64.
54
(40 - -19) + -42 + -47
-30
What is the value of -2 + (26 - 42) + -19?
-37
Calculate 135 + (-24 + 66 - 120).
57
Calculate -24 - -22 - 20 - (2 + -71).
47
(-9 - 0) + (11 - (-33 + 20 + (-4 - 19)))
38
Calculate (-516 - -604) + (-33 - -2) + 6.
63
Calculate (-215 - (75 - 33)) + 154.
-103
Calculate 2 + 41 + (14 - -68 - 97).
28
4 - (-3 + (42 - 8 - 8))
-19
Calculate 0 + -5 + 26 + 531 + -619.
-67
Evaluate 35 + 5 - (35 - -26 - 31) - (63 - 0).
-53
What is the value of 173 + -83 - 117 - -113?
86
What is the value of (161 - 197) + (-15 - -17) + 79?
45
Calculate (-2 - 5) + (-697 - -667).
-37
Calculate 5 + (5 - (8 - (10 - (1 - (-4 + 0))))).
7
Evaluate -48 + (-21 - -60) + 44.
35
Evaluate 11 - ((-5 - 70) + (44 + -43 - 3)).
88
Evaluate 5 - (-11 - -2 - (328 + -364)).
-22
(4 - -9) + -174 + (22 - (-1 + -1))
-137
What is (15 + 23 - 12 - 21) + -22?
-17
What is 38 - (-48 - -79) - (-4 + -3)?
14
Evaluate (6 - (-3 - -17) - -6) + (-13 - 3).
-18
What is the value of -65 + (45 + -18 - -63)?
25
What is the value of -34 - (36 - (-27 + 70)) - 97?
-124
Calculate (-10 - -43) + -12 + -14.
7
What is the value of (-1 - 137) + 34 - -39?
-65
Evaluate -8 + -3 - (-86 + (8 - -10) + -2 + -1).
60
Calculate -24 + 32 + 99 + -38.
69
-3 + (-26 - 4) + (22 - (55 - 41))
-25
(-10 - -15) + 3 + (-58 - 0) + -16
-66
What is -9 + 61 + -20 - (23 - 0) - -87?
96
What is -10 + (-73 - (-14 + -9 + 19 + -9))?
-70
Calculate -41 + (-1 - -1) + (34 - (30 + -1)).
-36
What is the value of (2 - -1) + (-18 + 31 + -16 - 6 - 35)?
-41
(16 + 5 - (-45 + 61)) + 3
8
What is the value of -630 + 679 - (-114 - (1 - 9))?
155
Evaluate -4 - (3 + 4) - (33 - 71 - 20).
47
Evaluate (-304 - -359) + (5 - 48).
12
59 - 51 - 78 - -80
10
Calculate ((10 - 1) + -42 + (-39 - -74) - 42) + 1.
-39
What is the value of (-74 - -5) + 61 - (-1 - 30) - 9?
14
What is -30 - (-72 - (-50 + 46))?
38
Calculate -23 - (10 + -26) - -32 - 40.
-15
Calculate (-10 - -90 - 200) + 169.
49
What is the value of 46 + (-15 - (45 - 106))?
92
10 + 1 - (487 + -219 - 183)
-74
Calculate 47 + -36 - 22 - -80.
69
Calculate 30 + (10 - (-10 + 35 - 7)) + -6.
16
What is (-29 + 48 - -42) + -12?
49
What is -1 + 1 - 97 - (82 - 102)?
-77
What is -22945 + 22947 - (1 + (-4 - -2 - -3) - -79)?
-79
Calculate -51 + (50 - -9) + (-31 - ((-3 - 0) + 0)).
-20
What is the value of 78 + (2 - 5) + -49 + 45 + (4 - 7)?
68
Calculate 1 + 3 + (-13 - -46).
37
What is the value of -709 + 770 - (10 - -9)?
42
Calculate 7 - -4 - (37 + 9 + -11 - (-17 - -9)).
-32
(12 - 1 - (71 - 76) - -2) + -5 - -24
37
Evaluate (0 - -1) + -57 + -38 + 90 + 13 + 0.
9
What is -1 + -50 + 50 + -56 + 16 - -12?
-29
Evaluate -47 + 6 - (-26 - 22) - 65.
-58
What is 65 + (156 + -96 - 105)?
20
(15 + -1 - (21 - 22)) + -52
-37
4 + 1 - (4 + -16 + 0 + -8 - -13)
12
Calculate -38 + (-59 - -68) - (-1 - -17).
-45
-174 + 3 + 214 + 16 + 2 + 3
64
Calculate (-6 + 15 - 1) + (3 - ((-11 - 0) + 15)).
7
0 + 19 - (37 - (-9 - (-16 - 39)))
28
What is -23 + 4 + -54 + 90?
17
What is (16 - ((27 - -3) + -11 + 15)) + (-3 - -3)?
-18
What is -16 - (-7 + 28 - (0 - -23))?
-14
58 + -35 + (-31 - (10 + (-13 - -21)))
-26
What is (-19 - -21) + -1 + 28 + 4 + -3 + 7?
37
Calculate -60 + (81 - -5) - 38.
-12
Calculate (133 - (-14 - -162)) + 0 + 108.
93
What is the value of 39 + ((-2 - -23) + -6 - 6) + (36 - 28)?
56
What is 9 - ((0 - 4) + (-6 - -8) + -33)?
44
What is (-7 + 27 - 41) + 50?
29
What is the value of 28 + -15 + 23 + 9 - -3?
48
Evaluate (-80 - (-5 + -100)) + -27 + -3.
-5
-17 + (28 - (2 + -5 + 15))
-1
Calculate -16 + -44 + 47 + (-38 - -20).
-31
Calculate -2 + 19 + -41 + (-6 - -19 - 44).
-55
Evaluate 1 + -10 + 27 + -5 + -18.
-5
-3 - (1 - (19 + -17 + 7)) - -13
18
What is the value of 71 + 10 + (2 - ((-20 - -8) + (24 - 1)))?
72
What is the value of -1 + 49 - ((-9 - (22 + -12)) + 17 + 1)?
49
-1 + 4 - -8 - ((39 - 16) + -4)
-8
What is (-1 + -16 - (47 - 90 - -46)) + -6?
-26
Calculate (9 - 1) + (-9 - (-9 + 21)) + 4.
-9
What is (-10 - (5 + -14)) + (4 - -56)?
59
What is 7 + 2 + 3 - (87 - 25 - 63)?
13
Calculate (1 - (17 + -2)) + (61 - 75 - -26).
-2
Evaluate (2 - -5) + (1440 - 1493).
-46
What is 1 + (-17 - (-3 + -6)) + -4 + -28 + -1?
-40
Calculate -18 + (-17 - (-2 + 43 + 1 + -12)).
-65
What is the value of -9 + -11 - (4 + -51 + 22)?
5
Calculate (14 - 0) + 0 + -16 + -4 + -20 + 42.
16
Evaluate -101 + 2 + 24 + (-1476 - -1409).
-142
Calculate 3 + -13 + 7 + (-3 - -8) + -77 + -7.
-82
45 + ((8 - -2) + -4 + (-5 - 5) - -5)
46
Calculate (23 - 23) + -22 - (-42 + 56).
-36
What is the value of (9 - (-30 - -5)) + -81 + 21?
-26
-15 + ((12 - 11 - 16) + -9 - -16)
-23
What is -368 + 380 - (2 + 14 - 1) - -15?
12
Evaluate (0 - -1) + -33 + (-105 - -196) + -84.
-25
What is the value of 52 + (57 - 7 - 110)?
-8
(19 - -1) + (1586 - 1548) + -16
42
2 - (-14 - (-5 - 6) - (-6 - (14 - 29)))
14
33 + -62 + -16 + 101
56
Calculate 16 - 1 - (531 - 508) - (-4 - -8 - 71).
59
-29 + (216 - (99 - -9))
79
Calculate (-45772 - -45731) + (1 - 1 - -15).
-26
What is 6 - (43 - (-30 + 27))?
-40
What is -43 + 7 + 1 - (1 + 6 + -4) - -9?
-29
-1 - -3 - 3 - (5758 - 5752)
-7
-10 + -3 + (49 - (44 + 38))
-46
Evaluate 24 - (-48 - (38 - 111)).
-1
What is the value of -2 + -30 - -100 - 3?
65
Evaluate 10 + (-17 - -5) + -12 - -13.
-1
2 - -120 - (2 - 0) - (248 + 96 + -334)
110
What is the value of 578 + -618 - (-82 + -17)?
59
Evaluate 10 - -26 - ((22 - 43) + -17).
74
Evaluate 710 + -864 + (-7 - -92).
-69
What is -15 - (-36 - -25 - 21)?
17
(-2 - (-1 + 1)) + 891 + -903 - -11
-3
What is -86 - (1 - 2) - (492 - 531)?
-46
What is the value of -85 + (-24 - -40) + 95?
26
(-69 - -85) + -7 + -2
7
2 + 1 - (-105 + (134 - 40))
14
What is (-10 + 25 - 14) + (5 + 44 - -4)?
54
Evaluate 59 - 145 - -83 - (-30 + 1).
26
What is 2942 - 2887 - (74 + -2)?
-17
5 + -34 + 22 + (98 - 1)
90
What is 41 - (-1 + 1) - (-4027 - -4001)?
67
-5 - (-10 - -12 - 46)
39
Evaluate (13 - 8) + (-4 - (2 + -2) - -9).
10
Calculate -59 - -76 - (13 + -16 + -9).
29
Evaluate 1 - (-30 - 7) - 4.
34
(1 - 7) + (34 - -1 - 10) - 0
19
Calculate -859 + 863 - ((7 - (2 + -2)) + -5).
2
Calculate 7 + (-8 + -35 - -8 - ((-20 - -38) + -16)).
-30
What is 20 + -39 + 28 + 36?
45
What is -7 + 30 + 80 + -49 - -22?
76
-14 + 10 + (32 - 35) + -18
-25
(105 - 134 - (-2 + -5)) + -61
-83
What is -932 + 962 + (-4 - (-2 + 0))?
28
Calculate -13 + 17 + -6 + (5 - 0).
3
Calculate (12 - (43 + -23)) + -45.
-53
What is the value of (125 - 0) + -15 + (39 - 21 - (2 - 0))?
126
Calculate 0 + 25 + 3 - (-4 - -5) - (-1029 + 1037).
19
Calculate (1 - -40) + 1475 + -1474.
42
Evaluate 22 - (-188 + -21 + 64 - -47).
120
What is -24 - ((18 - -107) + -80)?
-69
(13 - (7 + -11 + 49)) + (6 - 4) + 5
-25
Evaluate (-29 - 1) + -609 + 636 + -27 - (0 - 4).
-26
Calculate -28 + (0 - 50 - (-565 - -550)).
-63
What is 107 - ((-93 - -88) + 90)?
22
Evaluate -60 - (-81 - -71 - -28).
-78
Evaluate -38 - 0 - ((16 - 32) + 14 + 4).
-40
What is the value of -40 - (-49 - -6 - -11)?
-8
Evaluate -620 + 661 + 4 + -60.
-15
Calculate 0 + (